n divisor of 1250155120 and 38460?
12820
Calculate the highest common factor of 44593 and 154337.
19
Calculate the greatest common divisor of 8464 and 66835976.
4232
What is the highest common factor of 415 and 39334115?
415
Calculate the highest common divisor of 1863 and 748521.
81
What is the greatest common divisor of 16 and 508627464?
8
Calculate the highest common factor of 2275 and 26534963.
91
What is the greatest common factor of 1084 and 6762534?
542
Calculate the greatest common factor of 608627 and 55980.
311
What is the greatest common factor of 147 and 27636861?
21
Calculate the greatest common factor of 52870 and 7429790.
3110
Calculate the highest common divisor of 99657052 and 1452.
484
What is the highest common divisor of 3779605 and 727015?
485
Calculate the greatest common factor of 17430 and 119249835.
1245
What is the greatest common factor of 30903660 and 3?
3
Calculate the greatest common factor of 41154 and 1434.
6
Calculate the greatest common divisor of 204112560 and 160.
80
Calculate the highest common factor of 2974 and 10785211.
1487
Calculate the highest common divisor of 447848358 and 9926.
1418
What is the highest common divisor of 150998 and 2285494?
1466
Calculate the greatest common divisor of 8076 and 4326044.
2692
What is the greatest common divisor of 447 and 31805391?
447
What is the greatest common factor of 10800 and 5030100?
2700
What is the greatest common factor of 414 and 3856640?
46
What is the highest common divisor of 24912480 and 10?
10
What is the greatest common factor of 53112202 and 26?
26
What is the highest common factor of 6660 and 44576820?
180
Calculate the greatest common divisor of 1367559 and 234684.
477
Calculate the greatest common factor of 2677345 and 1375.
55
What is the greatest common divisor of 40741 and 6026?
131
Calculate the highest common divisor of 5496288 and 294.
42
Calculate the greatest common divisor of 284373927 and 9094.
4547
Calculate the greatest common divisor of 1748 and 263492.
76
Calculate the greatest common factor of 33015 and 4549680.
1065
Calculate the greatest common factor of 300258 and 42462.
126
Calculate the greatest common factor of 133210539 and 266.
133
What is the greatest common divisor of 3834719 and 763?
7
Calculate the greatest common factor of 2503460 and 13940.
820
Calculate the greatest common divisor of 1865 and 3462186.
373
What is the highest common factor of 9192 and 27446163?
1149
What is the greatest common divisor of 8193 and 30237?
3
Calculate the greatest common divisor of 97586617 and 133433.
7849
Calculate the highest common factor of 261440625 and 1500.
375
What is the greatest common divisor of 62 and 1045402460?
62
What is the highest common factor of 381 and 601590999?
381
What is the highest common divisor of 2215 and 133548995?
2215
What is the highest common divisor of 3016 and 67338?
58
Calculate the greatest common factor of 21074258 and 2110.
422
Calculate the highest common factor of 25380 and 220320.
540
What is the highest common divisor of 5830 and 22699105?
2915
What is the greatest common factor of 101530 and 186901?
143
What is the greatest common factor of 5898826 and 113?
113
Calculate the greatest common divisor of 135 and 273297285.
45
Calculate the greatest common factor of 405516 and 52452.
564
What is the highest common divisor of 190850184 and 504?
504
Calculate the highest common divisor of 307392624 and 22.
22
What is the greatest common divisor of 5811 and 222010?
149
Calculate the highest common factor of 350246 and 71383.
247
Calculate the highest common factor of 10575 and 564390.
45
What is the highest common divisor of 32 and 298269984?
32
Calculate the highest common factor of 66364 and 147956.
188
What is the greatest common divisor of 188619 and 237?
3
What is the highest common factor of 11089694 and 3531?
1177
Calculate the greatest common factor of 1710 and 721430.
190
What is the greatest common divisor of 7301396 and 12236?
1748
What is the greatest common divisor of 21 and 8285746?
7
Calculate the greatest common factor of 39900 and 44592450.
1050
Calculate the greatest common factor of 61662 and 171656.
86
What is the greatest common factor of 3598 and 2822374?
514
What is the greatest common divisor of 2344614 and 2323?
101
Calculate the greatest common divisor of 43 and 87065067.
43
Calculate the highest common divisor of 15890492 and 116.
116
What is the greatest common factor of 168 and 4729928?
56
Calculate the greatest common divisor of 101657 and 3981853.
1723
Calculate the greatest common divisor of 677166 and 2299724.
322
Calculate the highest common factor of 115669 and 2412204.
1123
What is the greatest common divisor of 3260772 and 3604?
212
Calculate the greatest common divisor of 585709605 and 5980.
1495
Calculate the highest common factor of 68938775 and 127.
127
Calculate the highest common divisor of 54 and 5132196.
18
What is the highest common factor of 43152 and 1005216?
48
What is the greatest common factor of 15 and 10729731?
3
Calculate the greatest common factor of 1284052 and 15367.
121
Calculate the greatest common factor of 1020 and 2758930.
170
What is the greatest common divisor of 1460 and 37533972?
292
Calculate the highest common divisor of 77 and 4369.
1
Calculate the highest common divisor of 26437411 and 1573.
1573
Calculate the greatest common factor of 40301 and 5457061.
191
Calculate the highest common divisor of 121232 and 872.
8
Calculate the greatest common divisor of 6641008 and 67900.
388
What is the highest common divisor of 140265 and 58320?
135
What is the greatest common factor of 12 and 1628333388?
12
What is the greatest common factor of 452 and 25259342?
226
Calculate the greatest common divisor of 48265 and 1338190.
245
What is the greatest common factor of 135108 and 51430?
278
What is the highest common divisor of 10 and 13713590?
10
What is the greatest common factor of 142 and 41870617?
71
Calculate the greatest common factor of 2872861 and 115.
23
Calculate the greatest common factor of 26852894 and 160293.
7633
What is the highest common divisor of 7822868 and 329?
47
What is the greatest common factor of 442 and 209833?
13
What is the greatest common divisor of 67130 and 1274?
98
Calculate the greatest common factor of 98250758 and 2804.
1402
What is the greatest common factor of 256 and 36810368?
128
What is the highest common factor of 20535 and 34190?
5
What is the highest common factor of 14747637 and 3?
3
What is the highest common divisor of 1062 and 316053?
9
Calculate the highest common factor of 6999 and 113.
1
What is the greatest common factor of 2875 and 31845375?
125
What is the highest common divisor of 209907 and 62831?
83
What is the highest common divisor of 1226 and 7406879?
613
What is the highest common factor of 1414076 and 22?
2
Calculate the highest common factor of 91307722 and 44.
22
What is the highest common factor of 9590 and 5672240?
70
Calculate the highest common divisor of 12722374 and 2786.
14
Calculate the greatest common divisor of 836315 and 595.
85
Calculate the greatest common divisor of 23622 and 8156067.
381
Calculate the greatest common factor of 10328 and 14038334.
2582
Calculate the highest common factor of 3939901 and 44398.
281
What is the greatest common divisor of 235 and 321533580?
235
What is the greatest common divisor of 147405836 and 472?
236
Calculate the highest common divisor of 227704 and 512.
8
What is the highest common factor of 4245 and 10823335?
1415
What is the greatest common divisor of 676124768 and 123?
41
Calculate the highest common factor of 238638615 and 60.
15
Calculate the greatest common factor of 4588934 and 322.
14
Calculate the greatest common divisor of 6974141 and 697.
41
What is the greatest common divisor of 7 and 1316609?
7
What is the highest common divisor of 3745 and 454055?
35
Calculate the greatest common divisor of 79260 and 444.
12
What is the greatest common divisor of 854 and 116753?
7
What is the highest common divisor of 1973827 and 203?
29
Calculate the highest common factor of 111179 and 838186.
73
What is the greatest common divisor of 220840108 and 18956?
2708
What is the highest common factor of 42000 and 464240?
560
What is th